{"id":506,"date":"2023-09-22T18:17:30","date_gmt":"2023-09-22T16:17:30","guid":{"rendered":"https:\/\/kalandoroktarsasaga.hu\/?page_id=506"},"modified":"2023-10-15T19:31:45","modified_gmt":"2023-10-15T17:31:45","slug":"rendezvenyeink","status":"publish","type":"page","link":"https:\/\/kalandoroktarsasaga.hu\/index.php\/rendezvenyeink\/","title":{"rendered":"Rendezv\u00e9nyeink"},"content":{"rendered":"\n<p>2014. m\u00e1rcius 29: <a href=\"https:\/\/kalandoroktarsasaga.hu\/index.php\/rendezvenyeink\/i-hirhedt-kalandorok-helveczia-tartomanyaibol\/\">I. H\u00edrhedt kalandorok Helv\u00e9czia tartom\u00e1nyaib\u00f3l<\/a><\/p>\n\n\n\n<p>2014. november 22: <a href=\"https:\/\/kalandoroktarsasaga.hu\/index.php\/ii-felelem-es-reszketes-budapesten\/\">II. F\u00e9lelem \u00e9s Reszket\u00e9s Budapesten<\/a><\/p>\n\n\n\n<p>2015. \u00e1prilis 25: <a href=\"https:\/\/kalandoroktarsasaga.hu\/index.php\/iii-spiritualis-kiberpszichozis\/\">III. Spiritu\u00e1lis Kiberpszich\u00f3zis<\/a><\/p>\n\n\n\n<p>2016. febru\u00e1r 06: <a href=\"https:\/\/kalandoroktarsasaga.hu\/index.php\/iv-dd-akkor-es-most\/\">IV. D&amp;D akkor \u00e9s most<\/a><\/p>\n\n\n\n<p>2016. okt\u00f3ber 1: <a href=\"https:\/\/kalandoroktarsasaga.hu\/index.php\/v-ezt-mar-lattam-valahol\/\">V. \u201e\u2026ezt m\u00e1r l\u00e1ttam valahol!\u201d<\/a><\/p>\n\n\n\n<p>2017. \u00e1prilis 22: <a href=\"https:\/\/kalandoroktarsasaga.hu\/index.php\/vi-magyar-virtus\/\">VI. Magyar virtus<\/a><\/p>\n\n\n\n<p>2018. febru\u00e1r 24: <a href=\"https:\/\/kalandoroktarsasaga.hu\/index.php\/vii-legendas-szornyek-es-kivegzesuk\/\">VII. Legend\u00e1s Sz\u00f6rnyek \u00e9s Kiv\u00e9gz\u00e9s\u00fck<\/a><\/p>\n\n\n\n<p>2018. november 24: <a href=\"https:\/\/kalandoroktarsasaga.hu\/index.php\/viii-kard-es-magia\/\">VIII. Kard \u00e9s M\u00e1gia<\/a><\/p>\n\n\n\n<p>2019. m\u00e1jus 25: <a href=\"https:\/\/kalandoroktarsasaga.hu\/index.php\/ix-nyilt-vilagok\/\">IX. Ny\u00edlt vil\u00e1gok<\/a><\/p>\n\n\n\n<p>2020. febru\u00e1r 29: <a href=\"https:\/\/kalandoroktarsasaga.hu\/index.php\/x-a-halal-utolso-voros-titka\/\">X. A Hal\u00e1l Utols\u00f3, V\u00f6r\u00f6s Titka<\/a><\/p>\n\n\n\n<p>2023. november 25: <a href=\"https:\/\/kalandoroktarsasaga.hu\/index.php\/rendezvenyeink\/xi-ketto-pont-nulla\/\">XI. Kett\u0151 pont nulla<\/a><\/p>\n","protected":false},"excerpt":{"rendered":"<p>2014. m\u00e1rcius 29: I. H\u00edrhedt kalandorok Helv\u00e9czia tartom\u00e1nyaib\u00f3l 2014. november 22: II. F\u00e9lelem \u00e9s Reszket\u00e9s Budapesten 2015. \u00e1prilis 25: III. Spiritu\u00e1lis Kiberpszich\u00f3zis 2016. febru\u00e1r 06: IV. D&amp;D akkor \u00e9s most 2016. okt\u00f3ber 1: V. \u201e\u2026ezt m\u00e1r l\u00e1ttam valahol!\u201d 2017. \u00e1prilis 22: VI. Magyar virtus 2018. febru\u00e1r 24: VII. Legend\u00e1s Sz\u00f6rnyek \u00e9s Kiv\u00e9gz\u00e9s\u00fck 2018. november 24:&#8230;<\/p>\n","protected":false},"author":1,"featured_media":0,"parent":0,"menu_order":0,"comment_status":"closed","ping_status":"closed","template":"","meta":{"_kadence_starter_templates_imported_post":false,"_kad_post_transparent":"","_kad_post_title":"","_kad_post_layout":"","_kad_post_sidebar_id":"","_kad_post_content_style":"","_kad_post_vertical_padding":"","_kad_post_feature":"","_kad_post_feature_position":"","_kad_post_header":false,"_kad_post_footer":false,"footnotes":""},"class_list":["post-506","page","type-page","status-publish","hentry"],"yoast_head":"<!-- This site is optimized with the Yoast SEO plugin v26.2 - https:\/\/yoast.com\/wordpress\/plugins\/seo\/ -->\n<title>Rendezv\u00e9nyeink - Kalandorok T\u00e1rsas\u00e1ga<\/title>\n<meta name=\"robots\" content=\"index, follow, max-snippet:-1, max-image-preview:large, max-video-preview:-1\" \/>\n<link rel=\"canonical\" href=\"https:\/\/kalandoroktarsasaga.hu\/index.php\/rendezvenyeink\/\" \/>\n<meta property=\"og:locale\" content=\"hu_HU\" \/>\n<meta property=\"og:type\" content=\"article\" \/>\n<meta property=\"og:title\" content=\"Rendezv\u00e9nyeink - Kalandorok T\u00e1rsas\u00e1ga\" \/>\n<meta property=\"og:description\" content=\"2014. m\u00e1rcius 29: I. H\u00edrhedt kalandorok Helv\u00e9czia tartom\u00e1nyaib\u00f3l 2014. november 22: II. F\u00e9lelem \u00e9s Reszket\u00e9s Budapesten 2015. \u00e1prilis 25: III. Spiritu\u00e1lis Kiberpszich\u00f3zis 2016. febru\u00e1r 06: IV. D&amp;D akkor \u00e9s most 2016. okt\u00f3ber 1: V. \u201e\u2026ezt m\u00e1r l\u00e1ttam valahol!\u201d 2017. \u00e1prilis 22: VI. Magyar virtus 2018. febru\u00e1r 24: VII. Legend\u00e1s Sz\u00f6rnyek \u00e9s Kiv\u00e9gz\u00e9s\u00fck 2018. november 24:...\" \/>\n<meta property=\"og:url\" content=\"https:\/\/kalandoroktarsasaga.hu\/index.php\/rendezvenyeink\/\" \/>\n<meta property=\"og:site_name\" content=\"Kalandorok T\u00e1rsas\u00e1ga\" \/>\n<meta property=\"article:modified_time\" content=\"2023-10-15T17:31:45+00:00\" \/>\n<meta name=\"twitter:card\" content=\"summary_large_image\" \/>\n<meta name=\"twitter:label1\" content=\"Becs\u00fclt olvas\u00e1si id\u0151\" \/>\n\t<meta name=\"twitter:data1\" content=\"1 perc\" \/>\n<script type=\"application\/ld+json\" class=\"yoast-schema-graph\">{\"@context\":\"https:\/\/schema.org\",\"@graph\":[{\"@type\":\"WebPage\",\"@id\":\"https:\/\/kalandoroktarsasaga.hu\/index.php\/rendezvenyeink\/\",\"url\":\"https:\/\/kalandoroktarsasaga.hu\/index.php\/rendezvenyeink\/\",\"name\":\"Rendezv\u00e9nyeink - Kalandorok T\u00e1rsas\u00e1ga\",\"isPartOf\":{\"@id\":\"https:\/\/kalandoroktarsasaga.hu\/#website\"},\"datePublished\":\"2023-09-22T16:17:30+00:00\",\"dateModified\":\"2023-10-15T17:31:45+00:00\",\"breadcrumb\":{\"@id\":\"https:\/\/kalandoroktarsasaga.hu\/index.php\/rendezvenyeink\/#breadcrumb\"},\"inLanguage\":\"hu\",\"potentialAction\":[{\"@type\":\"ReadAction\",\"target\":[\"https:\/\/kalandoroktarsasaga.hu\/index.php\/rendezvenyeink\/\"]}]},{\"@type\":\"BreadcrumbList\",\"@id\":\"https:\/\/kalandoroktarsasaga.hu\/index.php\/rendezvenyeink\/#breadcrumb\",\"itemListElement\":[{\"@type\":\"ListItem\",\"position\":1,\"name\":\"Kezd\u0151lap\",\"item\":\"https:\/\/kalandoroktarsasaga.hu\/\"},{\"@type\":\"ListItem\",\"position\":2,\"name\":\"Rendezv\u00e9nyeink\"}]},{\"@type\":\"WebSite\",\"@id\":\"https:\/\/kalandoroktarsasaga.hu\/#website\",\"url\":\"https:\/\/kalandoroktarsasaga.hu\/\",\"name\":\"Kalandorok T\u00e1rsas\u00e1ga\",\"description\":\"Szerepj\u00e1t\u00e9kos rendezv\u00e9nyeket szervez\u00fcnk - veletek, nektek\",\"publisher\":{\"@id\":\"https:\/\/kalandoroktarsasaga.hu\/#organization\"},\"potentialAction\":[{\"@type\":\"SearchAction\",\"target\":{\"@type\":\"EntryPoint\",\"urlTemplate\":\"https:\/\/kalandoroktarsasaga.hu\/?s={search_term_string}\"},\"query-input\":{\"@type\":\"PropertyValueSpecification\",\"valueRequired\":true,\"valueName\":\"search_term_string\"}}],\"inLanguage\":\"hu\"},{\"@type\":\"Organization\",\"@id\":\"https:\/\/kalandoroktarsasaga.hu\/#organization\",\"name\":\"Kalandorok T\u00e1rsas\u00e1ga\",\"url\":\"https:\/\/kalandoroktarsasaga.hu\/\",\"logo\":{\"@type\":\"ImageObject\",\"inLanguage\":\"hu\",\"@id\":\"https:\/\/kalandoroktarsasaga.hu\/#\/schema\/logo\/image\/\",\"url\":\"https:\/\/kalandoroktarsasaga.hu\/wp-content\/uploads\/2023\/08\/cropped-Logo-1.png\",\"contentUrl\":\"https:\/\/kalandoroktarsasaga.hu\/wp-content\/uploads\/2023\/08\/cropped-Logo-1.png\",\"width\":599,\"height\":832,\"caption\":\"Kalandorok T\u00e1rsas\u00e1ga\"},\"image\":{\"@id\":\"https:\/\/kalandoroktarsasaga.hu\/#\/schema\/logo\/image\/\"}}]}<\/script>\n<!-- \/ Yoast SEO plugin. -->","yoast_head_json":{"title":"Rendezv\u00e9nyeink - Kalandorok T\u00e1rsas\u00e1ga","robots":{"index":"index","follow":"follow","max-snippet":"max-snippet:-1","max-image-preview":"max-image-preview:large","max-video-preview":"max-video-preview:-1"},"canonical":"https:\/\/kalandoroktarsasaga.hu\/index.php\/rendezvenyeink\/","og_locale":"hu_HU","og_type":"article","og_title":"Rendezv\u00e9nyeink - Kalandorok T\u00e1rsas\u00e1ga","og_description":"2014. m\u00e1rcius 29: I. H\u00edrhedt kalandorok Helv\u00e9czia tartom\u00e1nyaib\u00f3l 2014. november 22: II. F\u00e9lelem \u00e9s Reszket\u00e9s Budapesten 2015. \u00e1prilis 25: III. Spiritu\u00e1lis Kiberpszich\u00f3zis 2016. febru\u00e1r 06: IV. D&amp;D akkor \u00e9s most 2016. okt\u00f3ber 1: V. \u201e\u2026ezt m\u00e1r l\u00e1ttam valahol!\u201d 2017. \u00e1prilis 22: VI. Magyar virtus 2018. febru\u00e1r 24: VII. Legend\u00e1s Sz\u00f6rnyek \u00e9s Kiv\u00e9gz\u00e9s\u00fck 2018. november 24:...","og_url":"https:\/\/kalandoroktarsasaga.hu\/index.php\/rendezvenyeink\/","og_site_name":"Kalandorok T\u00e1rsas\u00e1ga","article_modified_time":"2023-10-15T17:31:45+00:00","twitter_card":"summary_large_image","twitter_misc":{"Becs\u00fclt olvas\u00e1si id\u0151":"1 perc"},"schema":{"@context":"https:\/\/schema.org","@graph":[{"@type":"WebPage","@id":"https:\/\/kalandoroktarsasaga.hu\/index.php\/rendezvenyeink\/","url":"https:\/\/kalandoroktarsasaga.hu\/index.php\/rendezvenyeink\/","name":"Rendezv\u00e9nyeink - Kalandorok T\u00e1rsas\u00e1ga","isPartOf":{"@id":"https:\/\/kalandoroktarsasaga.hu\/#website"},"datePublished":"2023-09-22T16:17:30+00:00","dateModified":"2023-10-15T17:31:45+00:00","breadcrumb":{"@id":"https:\/\/kalandoroktarsasaga.hu\/index.php\/rendezvenyeink\/#breadcrumb"},"inLanguage":"hu","potentialAction":[{"@type":"ReadAction","target":["https:\/\/kalandoroktarsasaga.hu\/index.php\/rendezvenyeink\/"]}]},{"@type":"BreadcrumbList","@id":"https:\/\/kalandoroktarsasaga.hu\/index.php\/rendezvenyeink\/#breadcrumb","itemListElement":[{"@type":"ListItem","position":1,"name":"Kezd\u0151lap","item":"https:\/\/kalandoroktarsasaga.hu\/"},{"@type":"ListItem","position":2,"name":"Rendezv\u00e9nyeink"}]},{"@type":"WebSite","@id":"https:\/\/kalandoroktarsasaga.hu\/#website","url":"https:\/\/kalandoroktarsasaga.hu\/","name":"Kalandorok T\u00e1rsas\u00e1ga","description":"Szerepj\u00e1t\u00e9kos rendezv\u00e9nyeket szervez\u00fcnk - veletek, nektek","publisher":{"@id":"https:\/\/kalandoroktarsasaga.hu\/#organization"},"potentialAction":[{"@type":"SearchAction","target":{"@type":"EntryPoint","urlTemplate":"https:\/\/kalandoroktarsasaga.hu\/?s={search_term_string}"},"query-input":{"@type":"PropertyValueSpecification","valueRequired":true,"valueName":"search_term_string"}}],"inLanguage":"hu"},{"@type":"Organization","@id":"https:\/\/kalandoroktarsasaga.hu\/#organization","name":"Kalandorok T\u00e1rsas\u00e1ga","url":"https:\/\/kalandoroktarsasaga.hu\/","logo":{"@type":"ImageObject","inLanguage":"hu","@id":"https:\/\/kalandoroktarsasaga.hu\/#\/schema\/logo\/image\/","url":"https:\/\/kalandoroktarsasaga.hu\/wp-content\/uploads\/2023\/08\/cropped-Logo-1.png","contentUrl":"https:\/\/kalandoroktarsasaga.hu\/wp-content\/uploads\/2023\/08\/cropped-Logo-1.png","width":599,"height":832,"caption":"Kalandorok T\u00e1rsas\u00e1ga"},"image":{"@id":"https:\/\/kalandoroktarsasaga.hu\/#\/schema\/logo\/image\/"}}]}},"_links":{"self":[{"href":"https:\/\/kalandoroktarsasaga.hu\/index.php\/wp-json\/wp\/v2\/pages\/506","targetHints":{"allow":["GET"]}}],"collection":[{"href":"https:\/\/kalandoroktarsasaga.hu\/index.php\/wp-json\/wp\/v2\/pages"}],"about":[{"href":"https:\/\/kalandoroktarsasaga.hu\/index.php\/wp-json\/wp\/v2\/types\/page"}],"author":[{"embeddable":true,"href":"https:\/\/kalandoroktarsasaga.hu\/index.php\/wp-json\/wp\/v2\/users\/1"}],"replies":[{"embeddable":true,"href":"https:\/\/kalandoroktarsasaga.hu\/index.php\/wp-json\/wp\/v2\/comments?post=506"}],"version-history":[{"count":4,"href":"https:\/\/kalandoroktarsasaga.hu\/index.php\/wp-json\/wp\/v2\/pages\/506\/revisions"}],"predecessor-version":[{"id":766,"href":"https:\/\/kalandoroktarsasaga.hu\/index.php\/wp-json\/wp\/v2\/pages\/506\/revisions\/766"}],"wp:attachment":[{"href":"https:\/\/kalandoroktarsasaga.hu\/index.php\/wp-json\/wp\/v2\/media?parent=506"}],"curies":[{"name":"wp","href":"https:\/\/api.w.org\/{rel}","templated":true}]}}

Rendezvényeink

<p>2014. március 29: <a href="https://kalandoroktarsasaga.hu/index.php/rendezvenyeink/i-hirhedt-kalandorok-helveczia-tartomanyaibol/">I. Hírhedt kalandorok Helvéczia tartományaiból</a></p>



<p>2014. november 22: <a href="https://kalandoroktarsasaga.hu/index.php/ii-felelem-es-reszketes-budapesten/">II. Félelem és Reszketés Budapesten</a></p>



<p>2015. április 25: <a href="https://kalandoroktarsasaga.hu/index.php/iii-spiritualis-kiberpszichozis/">III. Spirituális Kiberpszichózis</a></p>



<p>2016. február 06: <a href="https://kalandoroktarsasaga.hu/index.php/iv-dd-akkor-es-most/">IV. D&amp;D akkor és most</a></p>



<p>2016. október 1: <a href="https://kalandoroktarsasaga.hu/index.php/v-ezt-mar-lattam-valahol/">V. „…ezt már láttam valahol!”</a></p>



<p>2017. április 22: <a href="https://kalandoroktarsasaga.hu/index.php/vi-magyar-virtus/">VI. Magyar virtus</a></p>



<p>2018. február 24: <a href="https://kalandoroktarsasaga.hu/index.php/vii-legendas-szornyek-es-kivegzesuk/">VII. Legendás Szörnyek és Kivégzésük</a></p>



<p>2018. november 24: <a href="https://kalandoroktarsasaga.hu/index.php/viii-kard-es-magia/">VIII. Kard és Mágia</a></p>



<p>2019. május 25: <a href="https://kalandoroktarsasaga.hu/index.php/ix-nyilt-vilagok/">IX. Nyílt világok</a></p>



<p>2020. február 29: <a href="https://kalandoroktarsasaga.hu/index.php/x-a-halal-utolso-voros-titka/">X. A Halál Utolsó, Vörös Titka</a></p>



<p>2023. november 25: <a href="https://kalandoroktarsasaga.hu/index.php/rendezvenyeink/xi-ketto-pont-nulla/">XI. Kettő pont nulla</a></p>

<p>2014. március 29: I. Hírhedt kalandorok Helvéczia tartományaiból 2014. november 22: II. Félelem és Reszketés Budapesten 2015. április 25: III. Spirituális Kiberpszichózis 2016. február 06: IV. D&amp;D akkor és most 2016. október 1: V. „…ezt már láttam valahol!” 2017. április 22: VI. Magyar virtus 2018. február 24: VII. Legendás Szörnyek és Kivégzésük 2018. november 24:&#8230;</p>

<!-- This site is optimized with the Yoast SEO plugin v26.2 - https://yoast.com/wordpress/plugins/seo/ -->
<title>Rendezvényeink - Kalandorok Társasága</title>
<meta name="robots" content="index, follow, max-snippet:-1, max-image-preview:large, max-video-preview:-1" />
<link rel="canonical" href="https://kalandoroktarsasaga.hu/index.php/rendezvenyeink/" />
<meta property="og:locale" content="hu_HU" />
<meta property="og:type" content="article" />
<meta property="og:title" content="Rendezvényeink - Kalandorok Társasága" />
<meta property="og:description" content="2014. március 29: I. Hírhedt kalandorok Helvéczia tartományaiból 2014. november 22: II. Félelem és Reszketés Budapesten 2015. április 25: III. Spirituális Kiberpszichózis 2016. február 06: IV. D&amp;D akkor és most 2016. október 1: V. „…ezt már láttam valahol!” 2017. április 22: VI. Magyar virtus 2018. február 24: VII. Legendás Szörnyek és Kivégzésük 2018. november 24:..." />
<meta property="og:url" content="https://kalandoroktarsasaga.hu/index.php/rendezvenyeink/" />
<meta property="og:site_name" content="Kalandorok Társasága" />
<meta property="article:modified_time" content="2023-10-15T17:31:45+00:00" />
<meta name="twitter:card" content="summary_large_image" />
<meta name="twitter:label1" content="Becsült olvasási idő" />
	<meta name="twitter:data1" content="1 perc" />
<script type="application/ld+json" class="yoast-schema-graph">{"@context":"https://schema.org","@graph":[{"@type":"WebPage","@id":"https://kalandoroktarsasaga.hu/index.php/rendezvenyeink/","url":"https://kalandoroktarsasaga.hu/index.php/rendezvenyeink/","name":"Rendezvényeink - Kalandorok Társasága","isPartOf":{"@id":"https://kalandoroktarsasaga.hu/#website"},"datePublished":"2023-09-22T16:17:30+00:00","dateModified":"2023-10-15T17:31:45+00:00","breadcrumb":{"@id":"https://kalandoroktarsasaga.hu/index.php/rendezvenyeink/#breadcrumb"},"inLanguage":"hu","potentialAction":[{"@type":"ReadAction","target":["https://kalandoroktarsasaga.hu/index.php/rendezvenyeink/"]}]},{"@type":"BreadcrumbList","@id":"https://kalandoroktarsasaga.hu/index.php/rendezvenyeink/#breadcrumb","itemListElement":[{"@type":"ListItem","position":1,"name":"Kezdőlap","item":"https://kalandoroktarsasaga.hu/"},{"@type":"ListItem","position":2,"name":"Rendezvényeink"}]},{"@type":"WebSite","@id":"https://kalandoroktarsasaga.hu/#website","url":"https://kalandoroktarsasaga.hu/","name":"Kalandorok Társasága","description":"Szerepjátékos rendezvényeket szervezünk - veletek, nektek","publisher":{"@id":"https://kalandoroktarsasaga.hu/#organization"},"potentialAction":[{"@type":"SearchAction","target":{"@type":"EntryPoint","urlTemplate":"https://kalandoroktarsasaga.hu/?s={search_term_string}"},"query-input":{"@type":"PropertyValueSpecification","valueRequired":true,"valueName":"search_term_string"}}],"inLanguage":"hu"},{"@type":"Organization","@id":"https://kalandoroktarsasaga.hu/#organization","name":"Kalandorok Társasága","url":"https://kalandoroktarsasaga.hu/","logo":{"@type":"ImageObject","inLanguage":"hu","@id":"https://kalandoroktarsasaga.hu/#/schema/logo/image/","url":"https://kalandoroktarsasaga.hu/wp-content/uploads/2023/08/cropped-Logo-1.png","contentUrl":"https://kalandoroktarsasaga.hu/wp-content/uploads/2023/08/cropped-Logo-1.png","width":599,"height":832,"caption":"Kalandorok Társasága"},"image":{"@id":"https://kalandoroktarsasaga.hu/#/schema/logo/image/"}}]}</script>
<!-- / Yoast SEO plugin. -->

Rendezvényeink - Kalandorok Társasága

2014. március 29: I. Hírhedt kalandorok Helvéczia tartományaiból 2014. november 22: II. Félelem és Reszketés Budapesten 2015. április 25: III. Spirituális Kiberpszichózis 2016. február 06: IV. D&amp;D akkor és most 2016. október 1: V. „…ezt már láttam valahol!” 2017. április 22: VI. Magyar virtus 2018. február 24: VII. Legendás Szörnyek és Kivégzésük 2018. november 24:...

Kalandorok Társasága

Kezdőlap

Szerepjátékos rendezvényeket szervezünk - veletek, nektek
